{"id":350,"date":"2016-08-08T13:54:13","date_gmt":"2016-08-08T13:54:13","guid":{"rendered":"http:\/\/climeteo.es\/clim4327\/?page_id=350"},"modified":"2016-08-09T13:55:55","modified_gmt":"2016-08-09T13:55:55","slug":"situaciones-extremas","status":"publish","type":"page","link":"http:\/\/climeteo.es\/clim4327\/index.php\/situaciones-extremas\/","title":{"rendered":"Situaciones extremas"},"content":{"rendered":"<div id=\"pl-350\"  class=\"panel-layout\" ><div id=\"pg-350-0\"  class=\"panel-grid panel-has-style\" ><div class=\"siteorigin-panels-stretch panel-row-style panel-row-style-for-350-0\" data-stretch-type=\"full-stretched\" ><div id=\"pgc-350-0-0\"  class=\"panel-grid-cell\" ><div id=\"panel-350-0-0-0\" class=\"so-panel widget widget_black-studio-tinymce widget_black_studio_tinymce panel-first-child panel-last-child\" data-index=\"0\" ><div class=\"v-center panel-widget-style panel-widget-style-for-350-0-0-0\" ><div class=\"textwidget\"><p style=\"text-align: center;\"><strong><span style=\"color: #808080; font-family: tahoma, arial, helvetica, sans-serif; font-size: 21px;\"><strong>An\u00e1lisis, previsi\u00f3n y seguimiento de situaciones extremas<\/strong><\/span><\/strong><\/p>\n<\/div><\/div><\/div><\/div><\/div><\/div><div id=\"pg-350-1\"  class=\"panel-grid panel-has-style\" ><div class=\"siteorigin-panels-stretch panel-row-style panel-row-style-for-350-1\" style=\"padding-left: 60px; padding-right: 60px; \" data-stretch-type=\"full\" ><div id=\"pgc-350-1-0\"  class=\"panel-grid-cell\" ><div id=\"panel-350-1-0-0\" class=\"so-panel widget widget_black-studio-tinymce widget_black_studio_tinymce panel-first-child panel-last-child\" data-index=\"1\" ><div class=\"v-center panel-widget-style panel-widget-style-for-350-1-0-0\" ><div class=\"textwidget\"><p><img class=\"aligncenter wp-image-459 size-full\" src=\"http:\/\/climeteo.es\/clim4327\/wp-content\/uploads\/2016\/08\/eventos-extremos.jpg\" alt=\"eventos extremos\" width=\"800\" height=\"450\" \/><\/p>\n<\/div><\/div><\/div><\/div><div id=\"pgc-350-1-1\"  class=\"panel-grid-cell\" ><div id=\"panel-350-1-1-0\" class=\"so-panel widget widget_black-studio-tinymce widget_black_studio_tinymce panel-first-child panel-last-child\" data-index=\"2\" ><div class=\"v-center panel-widget-style panel-widget-style-for-350-1-1-0\" ><div class=\"textwidget\"><p><span style=\"font-family: tahoma, arial, helvetica, sans-serif; font-size: 18px; color: #808080;\">\u201cCon el prop\u00f3sito de analizar las consecuencias, prevenir y ayudar a mejorar la gesti\u00f3n de toda actividad antropom\u00f3rfica y minimizar los da\u00f1os que pueda causar la meteorolog\u00eda sobre el entorno que nos rodea, Climeteo ofrece el an\u00e1lisis, la previsi\u00f3n y el seguimiento detallado de los sucesos meteorol\u00f3gicos excepcionales que nos pueden afectar, (olas de calor-fr\u00edo, situaciones de sequ\u00eda, incendios, ciclog\u00e9nesis, gotas fr\u00edas, tornados\u2026).\u201d<\/span><\/p>\n<\/div><\/div><\/div><\/div><\/div><\/div><div id=\"pg-350-2\"  class=\"panel-grid panel-has-style\" ><div class=\"siteorigin-panels-stretch panel-row-style panel-row-style-for-350-2\" data-stretch-type=\"full\" ><div id=\"pgc-350-2-0\"  class=\"panel-grid-cell panel-grid-cell-empty\" ><\/div><div id=\"pgc-350-2-1\"  class=\"panel-grid-cell panel-grid-cell-mobile-last\" ><div id=\"panel-350-2-1-0\" class=\"so-panel widget widget_black-studio-tinymce widget_black_studio_tinymce panel-first-child panel-last-child\" data-index=\"3\" ><div class=\"v-center panel-widget-style panel-widget-style-for-350-2-1-0\" ><div class=\"textwidget\"><p><a href=\"http:\/\/climeteo.es\/clim4327\/index.php\/cursos-formacion\/\"><img class=\"wp-image-388\" src=\"http:\/\/climeteo.es\/clim4327\/wp-content\/uploads\/2016\/08\/punta-de-flecha-a-la-izquierda.png\" alt=\"punta-de-flecha-a-la-izquierda\" width=\"45\" height=\"45\" \/><\/a>\u00a0 \u00a0 \u00a0\u00a0<a href=\"http:\/\/climeteo.es\/clim4327\/index.php\/servicios\/\"><img class=\"wp-image-390\" src=\"http:\/\/climeteo.es\/clim4327\/wp-content\/uploads\/2016\/08\/cuadrados.png\" alt=\"cuadrados\" width=\"45\" height=\"45\" \/><\/a>\u00a0 \u00a0 \u00a0<a href=\"http:\/\/climeteo.es\/clim4327\/index.php\/peritaje-tecnico\/\"><img class=\"alignnone wp-image-389\" src=\"http:\/\/climeteo.es\/clim4327\/wp-content\/uploads\/2016\/08\/punta-de-flecha-a-la-derecha.png\" alt=\"punta-de-flecha-a-la-derecha\" width=\"45\" height=\"45\" \/><\/a><\/p>\n<\/div><\/div><\/div><\/div><div id=\"pgc-350-2-2\"  class=\"panel-grid-cell panel-grid-cell-empty\" ><\/div><\/div><\/div><\/div>","protected":false},"excerpt":{"rendered":"<p>An\u00e1lisis, previsi\u00f3n y seguimiento de situaciones extremas \u201cCon el prop\u00f3sito de analizar las consecuencias, prevenir y ayudar a mejorar la gesti\u00f3n de toda actividad antropom\u00f3rfica y minimizar los da\u00f1os que pueda causar la meteorolog\u00eda sobre el entorno que nos rodea, Climeteo ofrece el an\u00e1lisis, la previsi\u00f3n y el seguimiento detallado de los sucesos meteorol\u00f3gicos excepcionales &hellip; <a href=\"http:\/\/climeteo.es\/clim4327\/index.php\/situaciones-extremas\/\" title=\"Situaciones extremas\" class=\"read-more\">Read More<\/a><\/p>\n","protected":false},"author":1,"featured_media":0,"parent":0,"menu_order":0,"comment_status":"closed","ping_status":"closed","template":"","meta":[],"_links":{"self":[{"href":"http:\/\/climeteo.es\/clim4327\/index.php\/wp-json\/wp\/v2\/pages\/350"}],"collection":[{"href":"http:\/\/climeteo.es\/clim4327\/index.php\/wp-json\/wp\/v2\/pages"}],"about":[{"href":"http:\/\/climeteo.es\/clim4327\/index.php\/wp-json\/wp\/v2\/types\/page"}],"author":[{"embeddable":true,"href":"http:\/\/climeteo.es\/clim4327\/index.php\/wp-json\/wp\/v2\/users\/1"}],"replies":[{"embeddable":true,"href":"http:\/\/climeteo.es\/clim4327\/index.php\/wp-json\/wp\/v2\/comments?post=350"}],"version-history":[{"count":4,"href":"http:\/\/climeteo.es\/clim4327\/index.php\/wp-json\/wp\/v2\/pages\/350\/revisions"}],"predecessor-version":[{"id":460,"href":"http:\/\/climeteo.es\/clim4327\/index.php\/wp-json\/wp\/v2\/pages\/350\/revisions\/460"}],"wp:attachment":[{"href":"http:\/\/climeteo.es\/clim4327\/index.php\/wp-json\/wp\/v2\/media?parent=350"}],"curies":[{"name":"wp","href":"https:\/\/api.w.org\/{rel}","templated":true}]}}