{"id":348,"date":"2016-08-08T13:53:35","date_gmt":"2016-08-08T13:53:35","guid":{"rendered":"http:\/\/climeteo.es\/clim4327\/?page_id=348"},"modified":"2016-08-09T13:47:00","modified_gmt":"2016-08-09T13:47:00","slug":"cursos-formacion","status":"publish","type":"page","link":"http:\/\/climeteo.es\/clim4327\/index.php\/cursos-formacion\/","title":{"rendered":"Cursos formaci\u00f3n"},"content":{"rendered":"<div id=\"pl-348\"  class=\"panel-layout\" ><div id=\"pg-348-0\"  class=\"panel-grid panel-has-style\" ><div class=\"siteorigin-panels-stretch panel-row-style panel-row-style-for-348-0\" data-stretch-type=\"full-stretched\" ><div id=\"pgc-348-0-0\"  class=\"panel-grid-cell\" ><div id=\"panel-348-0-0-0\" class=\"so-panel widget widget_black-studio-tinymce widget_black_studio_tinymce panel-first-child panel-last-child\" data-index=\"0\" ><div class=\"v-center panel-widget-style panel-widget-style-for-348-0-0-0\" ><div class=\"textwidget\"><p style=\"text-align: center;\"><strong><span style=\"color: #808080; font-family: tahoma, arial, helvetica, sans-serif; font-size: 21px;\"><strong>Cursos de formaci\u00f3n meteorol\u00f3gica<\/strong><\/span><\/strong><\/p>\n<\/div><\/div><\/div><\/div><\/div><\/div><div id=\"pg-348-1\"  class=\"panel-grid panel-has-style\" ><div class=\"siteorigin-panels-stretch panel-row-style panel-row-style-for-348-1\" style=\"padding-left: 60px; padding-right: 60px; \" data-stretch-type=\"full\" ><div id=\"pgc-348-1-0\"  class=\"panel-grid-cell\" ><div id=\"panel-348-1-0-0\" class=\"so-panel widget widget_black-studio-tinymce widget_black_studio_tinymce panel-first-child panel-last-child\" data-index=\"1\" ><div class=\"v-center panel-widget-style panel-widget-style-for-348-1-0-0\" ><div class=\"textwidget\"><p><img class=\"aligncenter wp-image-455 size-full\" src=\"http:\/\/climeteo.es\/clim4327\/wp-content\/uploads\/2016\/08\/eventos-deportivos-2.jpg\" alt=\"eventos deportivos 2\" width=\"800\" height=\"436\" \/><\/p>\n<\/div><\/div><\/div><\/div><div id=\"pgc-348-1-1\"  class=\"panel-grid-cell\" ><div id=\"panel-348-1-1-0\" class=\"so-panel widget widget_black-studio-tinymce widget_black_studio_tinymce panel-first-child panel-last-child\" data-index=\"2\" ><div class=\"v-center panel-widget-style panel-widget-style-for-348-1-1-0\" ><div class=\"textwidget\"><p align=\"justify\"><span style=\"font-family: tahoma, arial, helvetica, sans-serif; font-size: 18px;\">\u201cOfrecemos cursos formativos para todo tipo de p\u00fablico interesado en la meteorolog\u00eda, con la intenci\u00f3n de fomentar el atractivo por esta ciencia y formar a la gente en cuesti\u00f3n de vocabulario y actuaci\u00f3n espec\u00edfica, novedades, fotograf\u00eda, etc.\u201d<\/span><\/p>\n<\/div><\/div><\/div><\/div><\/div><\/div><div id=\"pg-348-2\"  class=\"panel-grid panel-has-style\" ><div class=\"siteorigin-panels-stretch panel-row-style panel-row-style-for-348-2\" data-stretch-type=\"full\" ><div id=\"pgc-348-2-0\"  class=\"panel-grid-cell panel-grid-cell-empty\" ><\/div><div id=\"pgc-348-2-1\"  class=\"panel-grid-cell panel-grid-cell-mobile-last\" ><div id=\"panel-348-2-1-0\" class=\"so-panel widget widget_black-studio-tinymce widget_black_studio_tinymce panel-first-child panel-last-child\" data-index=\"3\" ><div class=\"v-center panel-widget-style panel-widget-style-for-348-2-1-0\" ><div class=\"textwidget\"><p><a href=\"http:\/\/climeteo.es\/clim4327\/index.php\/prevencion-incendios\/\"><img class=\"wp-image-388\" src=\"http:\/\/climeteo.es\/clim4327\/wp-content\/uploads\/2016\/08\/punta-de-flecha-a-la-izquierda.png\" alt=\"punta-de-flecha-a-la-izquierda\" width=\"45\" height=\"45\" \/><\/a>\u00a0 \u00a0 \u00a0\u00a0<a href=\"http:\/\/climeteo.es\/clim4327\/index.php\/servicios\/\"><img class=\"wp-image-390\" src=\"http:\/\/climeteo.es\/clim4327\/wp-content\/uploads\/2016\/08\/cuadrados.png\" alt=\"cuadrados\" width=\"45\" height=\"45\" \/><\/a>\u00a0 \u00a0 \u00a0<a href=\"http:\/\/climeteo.es\/clim4327\/index.php\/situaciones-extremas\/\"><img class=\"alignnone wp-image-389\" src=\"http:\/\/climeteo.es\/clim4327\/wp-content\/uploads\/2016\/08\/punta-de-flecha-a-la-derecha.png\" alt=\"punta-de-flecha-a-la-derecha\" width=\"45\" height=\"45\" \/><\/a><\/p>\n<\/div><\/div><\/div><\/div><div id=\"pgc-348-2-2\"  class=\"panel-grid-cell panel-grid-cell-empty\" ><\/div><\/div><\/div><\/div>","protected":false},"excerpt":{"rendered":"<p>Cursos de formaci\u00f3n meteorol\u00f3gica \u201cOfrecemos cursos formativos para todo tipo de p\u00fablico interesado en la meteorolog\u00eda, con la intenci\u00f3n de fomentar el atractivo por esta ciencia y formar a la gente en cuesti\u00f3n de vocabulario y actuaci\u00f3n espec\u00edfica, novedades, fotograf\u00eda, etc.\u201d<\/p>\n","protected":false},"author":1,"featured_media":0,"parent":0,"menu_order":0,"comment_status":"closed","ping_status":"closed","template":"","meta":[],"_links":{"self":[{"href":"http:\/\/climeteo.es\/clim4327\/index.php\/wp-json\/wp\/v2\/pages\/348"}],"collection":[{"href":"http:\/\/climeteo.es\/clim4327\/index.php\/wp-json\/wp\/v2\/pages"}],"about":[{"href":"http:\/\/climeteo.es\/clim4327\/index.php\/wp-json\/wp\/v2\/types\/page"}],"author":[{"embeddable":true,"href":"http:\/\/climeteo.es\/clim4327\/index.php\/wp-json\/wp\/v2\/users\/1"}],"replies":[{"embeddable":true,"href":"http:\/\/climeteo.es\/clim4327\/index.php\/wp-json\/wp\/v2\/comments?post=348"}],"version-history":[{"count":4,"href":"http:\/\/climeteo.es\/clim4327\/index.php\/wp-json\/wp\/v2\/pages\/348\/revisions"}],"predecessor-version":[{"id":456,"href":"http:\/\/climeteo.es\/clim4327\/index.php\/wp-json\/wp\/v2\/pages\/348\/revisions\/456"}],"wp:attachment":[{"href":"http:\/\/climeteo.es\/clim4327\/index.php\/wp-json\/wp\/v2\/media?parent=348"}],"curies":[{"name":"wp","href":"https:\/\/api.w.org\/{rel}","templated":true}]}}

Cursos formación

<div id="pl-348"  class="panel-layout" ><div id="pg-348-0"  class="panel-grid panel-has-style" ><div class="siteorigin-panels-stretch panel-row-style panel-row-style-for-348-0" data-stretch-type="full-stretched" ><div id="pgc-348-0-0"  class="panel-grid-cell" ><div id="panel-348-0-0-0" class="so-panel widget widget_black-studio-tinymce widget_black_studio_tinymce panel-first-child panel-last-child" data-index="0" ><div class="v-center panel-widget-style panel-widget-style-for-348-0-0-0" ><div class="textwidget"><p style="text-align: center;"><strong><span style="color: #808080; font-family: tahoma, arial, helvetica, sans-serif; font-size: 21px;"><strong>Cursos de formación meteorológica</strong></span></strong></p>
</div></div></div></div></div></div><div id="pg-348-1"  class="panel-grid panel-has-style" ><div class="siteorigin-panels-stretch panel-row-style panel-row-style-for-348-1" style="padding-left: 60px; padding-right: 60px; " data-stretch-type="full" ><div id="pgc-348-1-0"  class="panel-grid-cell" ><div id="panel-348-1-0-0" class="so-panel widget widget_black-studio-tinymce widget_black_studio_tinymce panel-first-child panel-last-child" data-index="1" ><div class="v-center panel-widget-style panel-widget-style-for-348-1-0-0" ><div class="textwidget"><p><img class="aligncenter wp-image-455 size-full" src="http://climeteo.es/clim4327/wp-content/uploads/2016/08/eventos-deportivos-2.jpg" alt="eventos deportivos 2" width="800" height="436" /></p>
</div></div></div></div><div id="pgc-348-1-1"  class="panel-grid-cell" ><div id="panel-348-1-1-0" class="so-panel widget widget_black-studio-tinymce widget_black_studio_tinymce panel-first-child panel-last-child" data-index="2" ><div class="v-center panel-widget-style panel-widget-style-for-348-1-1-0" ><div class="textwidget"><p align="justify"><span style="font-family: tahoma, arial, helvetica, sans-serif; font-size: 18px;">“Ofrecemos cursos formativos para todo tipo de público interesado en la meteorología, con la intención de fomentar el atractivo por esta ciencia y formar a la gente en cuestión de vocabulario y actuación específica, novedades, fotografía, etc.”</span></p>
</div></div></div></div></div></div><div id="pg-348-2"  class="panel-grid panel-has-style" ><div class="siteorigin-panels-stretch panel-row-style panel-row-style-for-348-2" data-stretch-type="full" ><div id="pgc-348-2-0"  class="panel-grid-cell panel-grid-cell-empty" ></div><div id="pgc-348-2-1"  class="panel-grid-cell panel-grid-cell-mobile-last" ><div id="panel-348-2-1-0" class="so-panel widget widget_black-studio-tinymce widget_black_studio_tinymce panel-first-child panel-last-child" data-index="3" ><div class="v-center panel-widget-style panel-widget-style-for-348-2-1-0" ><div class="textwidget"><p><a href="http://climeteo.es/clim4327/index.php/prevencion-incendios/"><img class="wp-image-388" src="http://climeteo.es/clim4327/wp-content/uploads/2016/08/punta-de-flecha-a-la-izquierda.png" alt="punta-de-flecha-a-la-izquierda" width="45" height="45" /></a>      <a href="http://climeteo.es/clim4327/index.php/servicios/"><img class="wp-image-390" src="http://climeteo.es/clim4327/wp-content/uploads/2016/08/cuadrados.png" alt="cuadrados" width="45" height="45" /></a>     <a href="http://climeteo.es/clim4327/index.php/situaciones-extremas/"><img class="alignnone wp-image-389" src="http://climeteo.es/clim4327/wp-content/uploads/2016/08/punta-de-flecha-a-la-derecha.png" alt="punta-de-flecha-a-la-derecha" width="45" height="45" /></a></p>
</div></div></div></div><div id="pgc-348-2-2"  class="panel-grid-cell panel-grid-cell-empty" ></div></div></div></div>

<p>Cursos de formación meteorológica “Ofrecemos cursos formativos para todo tipo de público interesado en la meteorología, con la intención de fomentar el atractivo por esta ciencia y formar a la gente en cuestión de vocabulario y actuación específica, novedades, fotografía, etc.”</p>
