{"id":346,"date":"2016-08-08T13:53:09","date_gmt":"2016-08-08T13:53:09","guid":{"rendered":"http:\/\/climeteo.es\/clim4327\/?page_id=346"},"modified":"2016-10-25T16:33:49","modified_gmt":"2016-10-25T16:33:49","slug":"prevencion-incendios","status":"publish","type":"page","link":"http:\/\/climeteo.es\/clim4327\/index.php\/prevencion-incendios\/","title":{"rendered":"Prevenci\u00f3n incendios"},"content":{"rendered":"<div id=\"pl-346\"  class=\"panel-layout\" ><div id=\"pg-346-0\"  class=\"panel-grid panel-has-style\" ><div class=\"siteorigin-panels-stretch panel-row-style panel-row-style-for-346-0\" data-stretch-type=\"full-stretched\" ><div id=\"pgc-346-0-0\"  class=\"panel-grid-cell\" ><div id=\"panel-346-0-0-0\" class=\"so-panel widget widget_black-studio-tinymce widget_black_studio_tinymce panel-first-child panel-last-child\" data-index=\"0\" ><div class=\"v-center panel-widget-style panel-widget-style-for-346-0-0-0\" ><div class=\"textwidget\"><p style=\"text-align: center;\"><strong><span style=\"color: #808080; font-family: tahoma, arial, helvetica, sans-serif; font-size: 21px;\">Prevenci\u00f3n de Incendios<\/span><\/strong><\/p>\n<\/div><\/div><\/div><\/div><\/div><\/div><div id=\"pg-346-1\"  class=\"panel-grid panel-has-style\" ><div class=\"siteorigin-panels-stretch panel-row-style panel-row-style-for-346-1\" style=\"padding-left: 60px; padding-right: 60px; \" data-stretch-type=\"full\" ><div id=\"pgc-346-1-0\"  class=\"panel-grid-cell\" ><div id=\"panel-346-1-0-0\" class=\"so-panel widget widget_black-studio-tinymce widget_black_studio_tinymce panel-first-child panel-last-child\" data-index=\"1\" ><div class=\"v-center panel-widget-style panel-widget-style-for-346-1-0-0\" ><div class=\"textwidget\"><p><img class=\"aligncenter wp-image-450 size-full\" src=\"http:\/\/climeteo.es\/clim4327\/wp-content\/uploads\/2016\/08\/incendio-2.jpg\" alt=\"LOWER LAKE, CA - JULY 31:  A firefighting helicopter drops water on spot fires while battling the Rocky Fire on July 31, 2015 in Lower Lake, California. Over 900 firefighters are battling the Rocky Fire that erupted to over 15,000 acres since it started on Wednesday afternoon. The fire is currently five percent contained and has destroyed 3 homes.  (Photo by Justin Sullivan\/Getty Images)\" width=\"800\" height=\"600\" \/><\/p>\n<\/div><\/div><\/div><\/div><div id=\"pgc-346-1-1\"  class=\"panel-grid-cell\" ><div id=\"panel-346-1-1-0\" class=\"so-panel widget widget_black-studio-tinymce widget_black_studio_tinymce panel-first-child panel-last-child\" data-index=\"2\" ><div class=\"v-center panel-widget-style panel-widget-style-for-346-1-1-0\" ><div class=\"textwidget\"><p><span style=\"font-family: tahoma, arial, helvetica, sans-serif; font-size: 18px; color: #808080;\">\u201cSin duda el hombre ha luchado a lo largo de la historia ante este fen\u00f3meno, debido al peligro que implica frente a los n\u00facleos urbanos y las zonas de inter\u00e9s para \u00e9l; teniendo en cuenta la relevancia de la meteorolog\u00eda, CLIMETEO ofrece una serie de servicios, que ayudar\u00e1n a la previsi\u00f3n, prevenci\u00f3n y lucha de los mismos, monitorizando a tiempo real las condiciones meteorol\u00f3gicas, con el fin de facilitar la correcta actuaci\u00f3n por parte de los medios de extinci\u00f3n.\u201d<\/span><\/p>\n<\/div><\/div><\/div><\/div><\/div><\/div><div id=\"pg-346-2\"  class=\"panel-grid panel-has-style\" ><div class=\"siteorigin-panels-stretch panel-row-style panel-row-style-for-346-2\" data-stretch-type=\"full\" ><div id=\"pgc-346-2-0\"  class=\"panel-grid-cell panel-grid-cell-empty\" ><\/div><div id=\"pgc-346-2-1\"  class=\"panel-grid-cell panel-grid-cell-mobile-last\" ><div id=\"panel-346-2-1-0\" class=\"so-panel widget widget_black-studio-tinymce widget_black_studio_tinymce panel-first-child panel-last-child\" data-index=\"3\" ><div class=\"v-center panel-widget-style panel-widget-style-for-346-2-1-0\" ><div class=\"textwidget\"><p><a href=\"http:\/\/climeteo.es\/clim4327\/index.php\/vias-comunicacion\/\"><img class=\"wp-image-388\" src=\"http:\/\/climeteo.es\/clim4327\/wp-content\/uploads\/2016\/08\/punta-de-flecha-a-la-izquierda.png\" alt=\"punta-de-flecha-a-la-izquierda\" width=\"45\" height=\"45\" \/><\/a>\u00a0 \u00a0 \u00a0\u00a0<a href=\"http:\/\/climeteo.es\/clim4327\/index.php\/servicios\/\"><img class=\"wp-image-390\" src=\"http:\/\/climeteo.es\/clim4327\/wp-content\/uploads\/2016\/08\/cuadrados.png\" alt=\"cuadrados\" width=\"45\" height=\"45\" \/><\/a>\u00a0 \u00a0 \u00a0<a href=\"http:\/\/climeteo.es\/clim4327\/index.php\/cursos-formacion\/\"><img class=\"alignnone wp-image-389\" src=\"http:\/\/climeteo.es\/clim4327\/wp-content\/uploads\/2016\/08\/punta-de-flecha-a-la-derecha.png\" alt=\"punta-de-flecha-a-la-derecha\" width=\"45\" height=\"45\" \/><\/a><\/p>\n<\/div><\/div><\/div><\/div><div id=\"pgc-346-2-2\"  class=\"panel-grid-cell panel-grid-cell-empty\" ><\/div><\/div><\/div><\/div>","protected":false},"excerpt":{"rendered":"<p>Prevenci\u00f3n de Incendios \u201cSin duda el hombre ha luchado a lo largo de la historia ante este fen\u00f3meno, debido al peligro que implica frente a los n\u00facleos urbanos y las zonas de inter\u00e9s para \u00e9l; teniendo en cuenta la relevancia de la meteorolog\u00eda, CLIMETEO ofrece una serie de servicios, que ayudar\u00e1n a la previsi\u00f3n, prevenci\u00f3n &hellip; <a href=\"http:\/\/climeteo.es\/clim4327\/index.php\/prevencion-incendios\/\" title=\"Prevenci\u00f3n incendios\" class=\"read-more\">Read More<\/a><\/p>\n","protected":false},"author":1,"featured_media":0,"parent":0,"menu_order":0,"comment_status":"closed","ping_status":"closed","template":"","meta":[],"_links":{"self":[{"href":"http:\/\/climeteo.es\/clim4327\/index.php\/wp-json\/wp\/v2\/pages\/346"}],"collection":[{"href":"http:\/\/climeteo.es\/clim4327\/index.php\/wp-json\/wp\/v2\/pages"}],"about":[{"href":"http:\/\/climeteo.es\/clim4327\/index.php\/wp-json\/wp\/v2\/types\/page"}],"author":[{"embeddable":true,"href":"http:\/\/climeteo.es\/clim4327\/index.php\/wp-json\/wp\/v2\/users\/1"}],"replies":[{"embeddable":true,"href":"http:\/\/climeteo.es\/clim4327\/index.php\/wp-json\/wp\/v2\/comments?post=346"}],"version-history":[{"count":6,"href":"http:\/\/climeteo.es\/clim4327\/index.php\/wp-json\/wp\/v2\/pages\/346\/revisions"}],"predecessor-version":[{"id":527,"href":"http:\/\/climeteo.es\/clim4327\/index.php\/wp-json\/wp\/v2\/pages\/346\/revisions\/527"}],"wp:attachment":[{"href":"http:\/\/climeteo.es\/clim4327\/index.php\/wp-json\/wp\/v2\/media?parent=346"}],"curies":[{"name":"wp","href":"https:\/\/api.w.org\/{rel}","templated":true}]}}

Prevención incendios

<div id="pl-346"  class="panel-layout" ><div id="pg-346-0"  class="panel-grid panel-has-style" ><div class="siteorigin-panels-stretch panel-row-style panel-row-style-for-346-0" data-stretch-type="full-stretched" ><div id="pgc-346-0-0"  class="panel-grid-cell" ><div id="panel-346-0-0-0" class="so-panel widget widget_black-studio-tinymce widget_black_studio_tinymce panel-first-child panel-last-child" data-index="0" ><div class="v-center panel-widget-style panel-widget-style-for-346-0-0-0" ><div class="textwidget"><p style="text-align: center;"><strong><span style="color: #808080; font-family: tahoma, arial, helvetica, sans-serif; font-size: 21px;">Prevención de Incendios</span></strong></p>
</div></div></div></div></div></div><div id="pg-346-1"  class="panel-grid panel-has-style" ><div class="siteorigin-panels-stretch panel-row-style panel-row-style-for-346-1" style="padding-left: 60px; padding-right: 60px; " data-stretch-type="full" ><div id="pgc-346-1-0"  class="panel-grid-cell" ><div id="panel-346-1-0-0" class="so-panel widget widget_black-studio-tinymce widget_black_studio_tinymce panel-first-child panel-last-child" data-index="1" ><div class="v-center panel-widget-style panel-widget-style-for-346-1-0-0" ><div class="textwidget"><p><img class="aligncenter wp-image-450 size-full" src="http://climeteo.es/clim4327/wp-content/uploads/2016/08/incendio-2.jpg" alt="LOWER LAKE, CA - JULY 31:  A firefighting helicopter drops water on spot fires while battling the Rocky Fire on July 31, 2015 in Lower Lake, California. Over 900 firefighters are battling the Rocky Fire that erupted to over 15,000 acres since it started on Wednesday afternoon. The fire is currently five percent contained and has destroyed 3 homes.  (Photo by Justin Sullivan/Getty Images)" width="800" height="600" /></p>
</div></div></div></div><div id="pgc-346-1-1"  class="panel-grid-cell" ><div id="panel-346-1-1-0" class="so-panel widget widget_black-studio-tinymce widget_black_studio_tinymce panel-first-child panel-last-child" data-index="2" ><div class="v-center panel-widget-style panel-widget-style-for-346-1-1-0" ><div class="textwidget"><p><span style="font-family: tahoma, arial, helvetica, sans-serif; font-size: 18px; color: #808080;">“Sin duda el hombre ha luchado a lo largo de la historia ante este fenómeno, debido al peligro que implica frente a los núcleos urbanos y las zonas de interés para él; teniendo en cuenta la relevancia de la meteorología, CLIMETEO ofrece una serie de servicios, que ayudarán a la previsión, prevención y lucha de los mismos, monitorizando a tiempo real las condiciones meteorológicas, con el fin de facilitar la correcta actuación por parte de los medios de extinción.”</span></p>
</div></div></div></div></div></div><div id="pg-346-2"  class="panel-grid panel-has-style" ><div class="siteorigin-panels-stretch panel-row-style panel-row-style-for-346-2" data-stretch-type="full" ><div id="pgc-346-2-0"  class="panel-grid-cell panel-grid-cell-empty" ></div><div id="pgc-346-2-1"  class="panel-grid-cell panel-grid-cell-mobile-last" ><div id="panel-346-2-1-0" class="so-panel widget widget_black-studio-tinymce widget_black_studio_tinymce panel-first-child panel-last-child" data-index="3" ><div class="v-center panel-widget-style panel-widget-style-for-346-2-1-0" ><div class="textwidget"><p><a href="http://climeteo.es/clim4327/index.php/vias-comunicacion/"><img class="wp-image-388" src="http://climeteo.es/clim4327/wp-content/uploads/2016/08/punta-de-flecha-a-la-izquierda.png" alt="punta-de-flecha-a-la-izquierda" width="45" height="45" /></a>      <a href="http://climeteo.es/clim4327/index.php/servicios/"><img class="wp-image-390" src="http://climeteo.es/clim4327/wp-content/uploads/2016/08/cuadrados.png" alt="cuadrados" width="45" height="45" /></a>     <a href="http://climeteo.es/clim4327/index.php/cursos-formacion/"><img class="alignnone wp-image-389" src="http://climeteo.es/clim4327/wp-content/uploads/2016/08/punta-de-flecha-a-la-derecha.png" alt="punta-de-flecha-a-la-derecha" width="45" height="45" /></a></p>
</div></div></div></div><div id="pgc-346-2-2"  class="panel-grid-cell panel-grid-cell-empty" ></div></div></div></div>

<p>Prevención de Incendios “Sin duda el hombre ha luchado a lo largo de la historia ante este fenómeno, debido al peligro que implica frente a los núcleos urbanos y las zonas de interés para él; teniendo en cuenta la relevancia de la meteorología, CLIMETEO ofrece una serie de servicios, que ayudarán a la previsión, prevención &hellip; <a href="http://climeteo.es/clim4327/index.php/prevencion-incendios/" title="Prevención incendios" class="read-more">Read More</a></p>
