{"id":342,"date":"2016-08-08T13:50:16","date_gmt":"2016-08-08T13:50:16","guid":{"rendered":"http:\/\/climeteo.es\/clim4327\/?page_id=342"},"modified":"2016-09-27T17:46:37","modified_gmt":"2016-09-27T17:46:37","slug":"prevision-montana","status":"publish","type":"page","link":"http:\/\/climeteo.es\/clim4327\/index.php\/prevision-montana\/","title":{"rendered":"Precisi\u00f3n monta\u00f1a"},"content":{"rendered":"<div id=\"pl-342\"  class=\"panel-layout\" ><div id=\"pg-342-0\"  class=\"panel-grid panel-has-style\" ><div class=\"siteorigin-panels-stretch panel-row-style panel-row-style-for-342-0\" data-stretch-type=\"full-stretched\" ><div id=\"pgc-342-0-0\"  class=\"panel-grid-cell\" ><div id=\"panel-342-0-0-0\" class=\"so-panel widget widget_black-studio-tinymce widget_black_studio_tinymce panel-first-child panel-last-child\" data-index=\"0\" ><div class=\"v-center panel-widget-style panel-widget-style-for-342-0-0-0\" ><div class=\"textwidget\"><p style=\"text-align: center;\"><span style=\"color: #808080; font-family: tahoma, arial, helvetica, sans-serif; font-size: 21px;\"><strong>Previsi\u00f3n especializada para media y alta monta\u00f1a<\/strong><\/span><\/p>\n<\/div><\/div><\/div><\/div><\/div><\/div><div id=\"pg-342-1\"  class=\"panel-grid panel-has-style\" ><div class=\"siteorigin-panels-stretch panel-row-style panel-row-style-for-342-1\" style=\"padding-left: 60px; padding-right: 60px; \" data-stretch-type=\"full\" ><div id=\"pgc-342-1-0\"  class=\"panel-grid-cell\" ><div id=\"panel-342-1-0-0\" class=\"so-panel widget widget_black-studio-tinymce widget_black_studio_tinymce panel-first-child panel-last-child\" data-index=\"1\" ><div class=\"v-center panel-widget-style panel-widget-style-for-342-1-0-0\" ><div class=\"textwidget\"><p><img class=\"wp-image-440 size-full aligncenter\" src=\"http:\/\/climeteo.es\/clim4327\/wp-content\/uploads\/2016\/08\/monta\u00f1a.jpg\" alt=\"monta\u00f1a\" width=\"800\" height=\"839\" \/><\/p>\n<\/div><\/div><\/div><\/div><div id=\"pgc-342-1-1\"  class=\"panel-grid-cell\" ><div id=\"panel-342-1-1-0\" class=\"so-panel widget widget_black-studio-tinymce widget_black_studio_tinymce panel-first-child panel-last-child\" data-index=\"2\" ><div class=\"v-center panel-widget-style panel-widget-style-for-342-1-1-0\" ><div class=\"textwidget\"><p style=\"text-align: left;\"><span style=\"font-family: tahoma, arial, helvetica, sans-serif; color: #808080; font-size: 18px;\">\u201cLa monta\u00f1a, gracias a la mejora de los medios de comunicaci\u00f3n y las infraestructuras, cada vez la tenemos m\u00e1s al alcance de nuestra mano, por eso, cada vez es m\u00e1s importante el n\u00famero de aficionados que se acercan a este espacio con el fin de desconectar de las ciudades. La nieve, el esqu\u00ed, La pr\u00e1ctica de alpinismo, la escalada, el senderismo\u2026 son actividades que cada vez resultan m\u00e1s atractivas a la poblaci\u00f3n. Desde Climeteo ofrecemos asesoramiento por parte de personal especializado en la meteorolog\u00eda de monta\u00f1a a cualquier escala espacial, que permitir\u00e1 desarrollar la pr\u00e1ctica de estas disciplinas sin ning\u00fan tipo de riesgo relacionado con los cambios atmosf\u00e9ricos tan dr\u00e1sticos que se pueden dar en los entornos de orograf\u00eda abrupta.\u201d<\/span><\/p>\n<\/div><\/div><\/div><\/div><\/div><\/div><div id=\"pg-342-2\"  class=\"panel-grid panel-has-style\" ><div class=\"siteorigin-panels-stretch panel-row-style panel-row-style-for-342-2\" data-stretch-type=\"full\" ><div id=\"pgc-342-2-0\"  class=\"panel-grid-cell panel-grid-cell-empty\" ><\/div><div id=\"pgc-342-2-1\"  class=\"panel-grid-cell panel-grid-cell-mobile-last\" ><div id=\"panel-342-2-1-0\" class=\"so-panel widget widget_black-studio-tinymce widget_black_studio_tinymce panel-first-child panel-last-child\" data-index=\"3\" ><div class=\"v-center panel-widget-style panel-widget-style-for-342-2-1-0\" ><div class=\"textwidget\"><p><a href=\"http:\/\/climeteo.es\/clim4327\/index.php\/eficacia-agraria\/\"><img class=\"wp-image-388\" src=\"http:\/\/climeteo.es\/clim4327\/wp-content\/uploads\/2016\/08\/punta-de-flecha-a-la-izquierda.png\" alt=\"punta-de-flecha-a-la-izquierda\" width=\"45\" height=\"45\" \/><\/a>\u00a0 \u00a0 \u00a0\u00a0<a href=\"http:\/\/climeteo.es\/clim4327\/index.php\/servicios\/\"><img class=\"wp-image-390\" src=\"http:\/\/climeteo.es\/clim4327\/wp-content\/uploads\/2016\/08\/cuadrados.png\" alt=\"cuadrados\" width=\"45\" height=\"45\" \/><\/a>\u00a0 \u00a0 \u00a0<a href=\"http:\/\/climeteo.es\/clim4327\/index.php\/vias-comunicacion\/\"><img class=\"alignnone wp-image-389\" src=\"http:\/\/climeteo.es\/clim4327\/wp-content\/uploads\/2016\/08\/punta-de-flecha-a-la-derecha.png\" alt=\"punta-de-flecha-a-la-derecha\" width=\"45\" height=\"45\" \/><\/a><\/p>\n<\/div><\/div><\/div><\/div><div id=\"pgc-342-2-2\"  class=\"panel-grid-cell panel-grid-cell-empty\" ><\/div><\/div><\/div><\/div>","protected":false},"excerpt":{"rendered":"<p>Previsi\u00f3n especializada para media y alta monta\u00f1a \u201cLa monta\u00f1a, gracias a la mejora de los medios de comunicaci\u00f3n y las infraestructuras, cada vez la tenemos m\u00e1s al alcance de nuestra mano, por eso, cada vez es m\u00e1s importante el n\u00famero de aficionados que se acercan a este espacio con el fin de desconectar de las &hellip; <a href=\"http:\/\/climeteo.es\/clim4327\/index.php\/prevision-montana\/\" title=\"Precisi\u00f3n monta\u00f1a\" class=\"read-more\">Read More<\/a><\/p>\n","protected":false},"author":1,"featured_media":0,"parent":0,"menu_order":0,"comment_status":"closed","ping_status":"closed","template":"","meta":[],"_links":{"self":[{"href":"http:\/\/climeteo.es\/clim4327\/index.php\/wp-json\/wp\/v2\/pages\/342"}],"collection":[{"href":"http:\/\/climeteo.es\/clim4327\/index.php\/wp-json\/wp\/v2\/pages"}],"about":[{"href":"http:\/\/climeteo.es\/clim4327\/index.php\/wp-json\/wp\/v2\/types\/page"}],"author":[{"embeddable":true,"href":"http:\/\/climeteo.es\/clim4327\/index.php\/wp-json\/wp\/v2\/users\/1"}],"replies":[{"embeddable":true,"href":"http:\/\/climeteo.es\/clim4327\/index.php\/wp-json\/wp\/v2\/comments?post=342"}],"version-history":[{"count":6,"href":"http:\/\/climeteo.es\/clim4327\/index.php\/wp-json\/wp\/v2\/pages\/342\/revisions"}],"predecessor-version":[{"id":524,"href":"http:\/\/climeteo.es\/clim4327\/index.php\/wp-json\/wp\/v2\/pages\/342\/revisions\/524"}],"wp:attachment":[{"href":"http:\/\/climeteo.es\/clim4327\/index.php\/wp-json\/wp\/v2\/media?parent=342"}],"curies":[{"name":"wp","href":"https:\/\/api.w.org\/{rel}","templated":true}]}}

Precisión montaña

<div id="pl-342"  class="panel-layout" ><div id="pg-342-0"  class="panel-grid panel-has-style" ><div class="siteorigin-panels-stretch panel-row-style panel-row-style-for-342-0" data-stretch-type="full-stretched" ><div id="pgc-342-0-0"  class="panel-grid-cell" ><div id="panel-342-0-0-0" class="so-panel widget widget_black-studio-tinymce widget_black_studio_tinymce panel-first-child panel-last-child" data-index="0" ><div class="v-center panel-widget-style panel-widget-style-for-342-0-0-0" ><div class="textwidget"><p style="text-align: center;"><span style="color: #808080; font-family: tahoma, arial, helvetica, sans-serif; font-size: 21px;"><strong>Previsión especializada para media y alta montaña</strong></span></p>
</div></div></div></div></div></div><div id="pg-342-1"  class="panel-grid panel-has-style" ><div class="siteorigin-panels-stretch panel-row-style panel-row-style-for-342-1" style="padding-left: 60px; padding-right: 60px; " data-stretch-type="full" ><div id="pgc-342-1-0"  class="panel-grid-cell" ><div id="panel-342-1-0-0" class="so-panel widget widget_black-studio-tinymce widget_black_studio_tinymce panel-first-child panel-last-child" data-index="1" ><div class="v-center panel-widget-style panel-widget-style-for-342-1-0-0" ><div class="textwidget"><p><img class="wp-image-440 size-full aligncenter" src="http://climeteo.es/clim4327/wp-content/uploads/2016/08/montaña.jpg" alt="montaña" width="800" height="839" /></p>
</div></div></div></div><div id="pgc-342-1-1"  class="panel-grid-cell" ><div id="panel-342-1-1-0" class="so-panel widget widget_black-studio-tinymce widget_black_studio_tinymce panel-first-child panel-last-child" data-index="2" ><div class="v-center panel-widget-style panel-widget-style-for-342-1-1-0" ><div class="textwidget"><p style="text-align: left;"><span style="font-family: tahoma, arial, helvetica, sans-serif; color: #808080; font-size: 18px;">“La montaña, gracias a la mejora de los medios de comunicación y las infraestructuras, cada vez la tenemos más al alcance de nuestra mano, por eso, cada vez es más importante el número de aficionados que se acercan a este espacio con el fin de desconectar de las ciudades. La nieve, el esquí, La práctica de alpinismo, la escalada, el senderismo… son actividades que cada vez resultan más atractivas a la población. Desde Climeteo ofrecemos asesoramiento por parte de personal especializado en la meteorología de montaña a cualquier escala espacial, que permitirá desarrollar la práctica de estas disciplinas sin ningún tipo de riesgo relacionado con los cambios atmosféricos tan drásticos que se pueden dar en los entornos de orografía abrupta.”</span></p>
</div></div></div></div></div></div><div id="pg-342-2"  class="panel-grid panel-has-style" ><div class="siteorigin-panels-stretch panel-row-style panel-row-style-for-342-2" data-stretch-type="full" ><div id="pgc-342-2-0"  class="panel-grid-cell panel-grid-cell-empty" ></div><div id="pgc-342-2-1"  class="panel-grid-cell panel-grid-cell-mobile-last" ><div id="panel-342-2-1-0" class="so-panel widget widget_black-studio-tinymce widget_black_studio_tinymce panel-first-child panel-last-child" data-index="3" ><div class="v-center panel-widget-style panel-widget-style-for-342-2-1-0" ><div class="textwidget"><p><a href="http://climeteo.es/clim4327/index.php/eficacia-agraria/"><img class="wp-image-388" src="http://climeteo.es/clim4327/wp-content/uploads/2016/08/punta-de-flecha-a-la-izquierda.png" alt="punta-de-flecha-a-la-izquierda" width="45" height="45" /></a>      <a href="http://climeteo.es/clim4327/index.php/servicios/"><img class="wp-image-390" src="http://climeteo.es/clim4327/wp-content/uploads/2016/08/cuadrados.png" alt="cuadrados" width="45" height="45" /></a>     <a href="http://climeteo.es/clim4327/index.php/vias-comunicacion/"><img class="alignnone wp-image-389" src="http://climeteo.es/clim4327/wp-content/uploads/2016/08/punta-de-flecha-a-la-derecha.png" alt="punta-de-flecha-a-la-derecha" width="45" height="45" /></a></p>
</div></div></div></div><div id="pgc-342-2-2"  class="panel-grid-cell panel-grid-cell-empty" ></div></div></div></div>

<p>Previsión especializada para media y alta montaña “La montaña, gracias a la mejora de los medios de comunicación y las infraestructuras, cada vez la tenemos más al alcance de nuestra mano, por eso, cada vez es más importante el número de aficionados que se acercan a este espacio con el fin de desconectar de las &hellip; <a href="http://climeteo.es/clim4327/index.php/prevision-montana/" title="Precisión montaña" class="read-more">Read More</a></p>
